{"id":12,"date":"2018-12-19T12:07:47","date_gmt":"2018-12-19T12:07:47","guid":{"rendered":"http:\/\/isurussub.com\/wordpress\/?page_id=12"},"modified":"2025-04-30T10:05:37","modified_gmt":"2025-04-30T10:05:37","slug":"tienda","status":"publish","type":"page","link":"https:\/\/isurussub.com\/wordpress\/inicio\/tienda\/","title":{"rendered":"Tienda"},"content":{"rendered":"<p>HORARIO CONT\u00cdNUO DE LUNES A S\u00c1BADO. \u00a1NO CERRAMOS AL MEDIOD\u00cdA!<br \/>\nDe 9-30 a 20-00 h.<\/p>\n<p>LA MAS SURTIDA Y MEJOR OFERTA EN EQUIPOS DE INMERSI\u00d3N. Distribuidores de las marcas m\u00e1s importantes. Ofertas especiales en equipos completos. Venta de equipos usados.<\/p>\n<p><img loading=\"lazy\" decoding=\"async\" class=\"alignnone wp-image-478 size-large\" src=\"https:\/\/isurussub.com\/wordpress\/wp-content\/uploads\/2025\/04\/TIENDA-MASCARAS-1024x768.jpg\" alt=\"\" width=\"525\" height=\"394\" srcset=\"https:\/\/isurussub.com\/wordpress\/wp-content\/uploads\/2025\/04\/TIENDA-MASCARAS-1024x768.jpg 1024w, https:\/\/isurussub.com\/wordpress\/wp-content\/uploads\/2025\/04\/TIENDA-MASCARAS-300x225.jpg 300w, https:\/\/isurussub.com\/wordpress\/wp-content\/uploads\/2025\/04\/TIENDA-MASCARAS-768x576.jpg 768w, https:\/\/isurussub.com\/wordpress\/wp-content\/uploads\/2025\/04\/TIENDA-MASCARAS-1536x1152.jpg 1536w, https:\/\/isurussub.com\/wordpress\/wp-content\/uploads\/2025\/04\/TIENDA-MASCARAS-2048x1536.jpg 2048w\" sizes=\"auto, (max-width: 525px) 100vw, 525px\" \/><\/p>\n<p>ESPECIALISTAS EN DEPORTES DE AVENTURA. Buceo, canyoning, espeleolog\u00eda, senderismo, escalada, deportes n\u00e1uticos, pesca submarina, surf, nataci\u00f3n, etc.<br \/>\nLas mejores marcas: ADVANCED ELEMENTS, ALTUS, AQUALUNG, AQUASPHERE, APEKS, ARENA, BAUER, BEAL, BESTARD, BEUCHAT, BOLLE, CAMEL BAG, CB, CRESSI, COLEMAN, EDELRID, FADERS, FENIX, FERRINO, FIVE TEN, FIXE, GARMIN, HELLY HANSEN, HI TECH, GOGGLE, GOPRO, INTOVA, JULBO, KONG, KORDAS, LALIZAS, LEATHERMAN, LORPEN, MAD-ROCK, MARES, MARMOT, O\u00b4NEIL, PETZL, PLASTIMO, ROCA, RODCLE, SALVIMAR, SCARPA, SCUBAPRO, SEA TO SUMMIT, SEEMANN, SK8 CAM, SELAND, SEVYLOR, SHARKSKIN, SLAM, SPARE AIR, SUUNTO, SPETTON, TABATA, TECNOMAR, TEVA, TOPO ATHLETIC, TRANGO, TUSA, VAUDE.<\/p>\n<p><img loading=\"lazy\" decoding=\"async\" class=\"alignnone wp-image-477 size-large\" src=\"https:\/\/isurussub.com\/wordpress\/wp-content\/uploads\/2025\/04\/TIENDA-JACKETS-1024x768.jpg\" alt=\"\" width=\"525\" height=\"394\" srcset=\"https:\/\/isurussub.com\/wordpress\/wp-content\/uploads\/2025\/04\/TIENDA-JACKETS-1024x768.jpg 1024w, https:\/\/isurussub.com\/wordpress\/wp-content\/uploads\/2025\/04\/TIENDA-JACKETS-300x225.jpg 300w, https:\/\/isurussub.com\/wordpress\/wp-content\/uploads\/2025\/04\/TIENDA-JACKETS-768x576.jpg 768w, https:\/\/isurussub.com\/wordpress\/wp-content\/uploads\/2025\/04\/TIENDA-JACKETS-1536x1152.jpg 1536w, https:\/\/isurussub.com\/wordpress\/wp-content\/uploads\/2025\/04\/TIENDA-JACKETS-2048x1536.jpg 2048w\" sizes=\"auto, (max-width: 525px) 100vw, 525px\" \/><\/p>\n<p>&nbsp;<\/p>\n<p>MATERIAL DIDACTICO PARA CURSOS DE BUCEO PADI ,SSI.<br \/>\nLos mejores precios para centro de buceo e instructores.<\/p>\n<p><img loading=\"lazy\" decoding=\"async\" class=\"alignnone wp-image-370 size-large\" src=\"https:\/\/isurussub.com\/wordpress\/wp-content\/uploads\/2023\/02\/Hashtag-We-Are-SSI-Black-1024x133.png\" alt=\"\" width=\"525\" height=\"68\" srcset=\"https:\/\/isurussub.com\/wordpress\/wp-content\/uploads\/2023\/02\/Hashtag-We-Are-SSI-Black-1024x133.png 1024w, https:\/\/isurussub.com\/wordpress\/wp-content\/uploads\/2023\/02\/Hashtag-We-Are-SSI-Black-300x39.png 300w, https:\/\/isurussub.com\/wordpress\/wp-content\/uploads\/2023\/02\/Hashtag-We-Are-SSI-Black-768x100.png 768w, https:\/\/isurussub.com\/wordpress\/wp-content\/uploads\/2023\/02\/Hashtag-We-Are-SSI-Black-1536x200.png 1536w, https:\/\/isurussub.com\/wordpress\/wp-content\/uploads\/2023\/02\/Hashtag-We-Are-SSI-Black-2048x267.png 2048w\" sizes=\"auto, (max-width: 525px) 100vw, 525px\" \/><\/p>\n<p>ALQUILER DE EQUIPOS. Todo lo necesario para la inmersi\u00f3n. M\u00e1s de 100 equipos completos, muy nuevos y revisados peri\u00f3dicamente. Alquiler de equipos para canyoning: Trajes de neopreno, cascos, mochilas, botes estancos, etc. Tambi\u00e9n alquiler de equipos para surf, buceo en apnea, etc.<\/p>\n<p>SEGUROS DE ACCIDENTES PARA DEPORTES DE AVENTURA. Para buceo, apnea, deportes de monta\u00f1a, actividades n\u00e1uticas.<\/p>\n<p><img loading=\"lazy\" decoding=\"async\" class=\"alignnone wp-image-480 size-large\" src=\"https:\/\/isurussub.com\/wordpress\/wp-content\/uploads\/2025\/04\/TIENDA-REGULADORES-1024x768.jpg\" alt=\"\" width=\"525\" height=\"394\" srcset=\"https:\/\/isurussub.com\/wordpress\/wp-content\/uploads\/2025\/04\/TIENDA-REGULADORES-1024x768.jpg 1024w, https:\/\/isurussub.com\/wordpress\/wp-content\/uploads\/2025\/04\/TIENDA-REGULADORES-300x225.jpg 300w, https:\/\/isurussub.com\/wordpress\/wp-content\/uploads\/2025\/04\/TIENDA-REGULADORES-768x576.jpg 768w, https:\/\/isurussub.com\/wordpress\/wp-content\/uploads\/2025\/04\/TIENDA-REGULADORES-1536x1152.jpg 1536w, https:\/\/isurussub.com\/wordpress\/wp-content\/uploads\/2025\/04\/TIENDA-REGULADORES-2048x1536.jpg 2048w\" sizes=\"auto, (max-width: 525px) 100vw, 525px\" \/><\/p>\n<p>TALLER DE REPARACIONES. De equipos de todas las marcas. Servicio t\u00e9cnico oficial de las mejores marcas. \u00a1No esperes el comienzo de la temporada para revisar tu equipo! Venta, reparaci\u00f3n y mantenimiento de compresores de aire.<br \/>\nDISTRIBUIDOR Y SERVICIO T\u00c9CNICO OFICIAL COMPRESORES BAUER.<\/p>\n<p><img loading=\"lazy\" decoding=\"async\" class=\"alignnone wp-image-514 size-large\" src=\"https:\/\/isurussub.com\/wordpress\/wp-content\/uploads\/2025\/04\/logo-bauer-page-1024x344.jpg\" alt=\"\" width=\"525\" height=\"176\" srcset=\"https:\/\/isurussub.com\/wordpress\/wp-content\/uploads\/2025\/04\/logo-bauer-page-1024x344.jpg 1024w, https:\/\/isurussub.com\/wordpress\/wp-content\/uploads\/2025\/04\/logo-bauer-page-300x101.jpg 300w, https:\/\/isurussub.com\/wordpress\/wp-content\/uploads\/2025\/04\/logo-bauer-page-768x258.jpg 768w, https:\/\/isurussub.com\/wordpress\/wp-content\/uploads\/2025\/04\/logo-bauer-page.jpg 1300w\" sizes=\"auto, (max-width: 525px) 100vw, 525px\" \/><\/p>\n<p><img loading=\"lazy\" decoding=\"async\" class=\"alignnone wp-image-381\" src=\"https:\/\/isurussub.com\/wordpress\/wp-content\/uploads\/2023\/02\/ESP-Regulator-702x1024.png\" alt=\"\" width=\"137\" height=\"200\" srcset=\"https:\/\/isurussub.com\/wordpress\/wp-content\/uploads\/2023\/02\/ESP-Regulator-702x1024.png 702w, https:\/\/isurussub.com\/wordpress\/wp-content\/uploads\/2023\/02\/ESP-Regulator-206x300.png 206w, https:\/\/isurussub.com\/wordpress\/wp-content\/uploads\/2023\/02\/ESP-Regulator-768x1120.png 768w, https:\/\/isurussub.com\/wordpress\/wp-content\/uploads\/2023\/02\/ESP-Regulator-1053x1536.png 1053w, https:\/\/isurussub.com\/wordpress\/wp-content\/uploads\/2023\/02\/ESP-Regulator-1404x2048.png 1404w, https:\/\/isurussub.com\/wordpress\/wp-content\/uploads\/2023\/02\/ESP-Regulator.png 1772w\" sizes=\"auto, (max-width: 137px) 100vw, 137px\" \/>\u00a0<img loading=\"lazy\" decoding=\"async\" class=\"alignnone wp-image-379\" src=\"https:\/\/isurussub.com\/wordpress\/wp-content\/uploads\/2023\/02\/ESP-Instrument-702x1024.png\" alt=\"\" width=\"137\" height=\"200\" srcset=\"https:\/\/isurussub.com\/wordpress\/wp-content\/uploads\/2023\/02\/ESP-Instrument-702x1024.png 702w, https:\/\/isurussub.com\/wordpress\/wp-content\/uploads\/2023\/02\/ESP-Instrument-206x300.png 206w, https:\/\/isurussub.com\/wordpress\/wp-content\/uploads\/2023\/02\/ESP-Instrument-768x1120.png 768w, https:\/\/isurussub.com\/wordpress\/wp-content\/uploads\/2023\/02\/ESP-Instrument-1053x1536.png 1053w, https:\/\/isurussub.com\/wordpress\/wp-content\/uploads\/2023\/02\/ESP-Instrument-1404x2048.png 1404w, https:\/\/isurussub.com\/wordpress\/wp-content\/uploads\/2023\/02\/ESP-Instrument.png 1772w\" sizes=\"auto, (max-width: 137px) 100vw, 137px\" \/> <img loading=\"lazy\" decoding=\"async\" class=\"alignnone wp-image-377\" src=\"https:\/\/isurussub.com\/wordpress\/wp-content\/uploads\/2023\/02\/ESP-BC-206x300.png\" alt=\"\" width=\"137\" height=\"200\" srcset=\"https:\/\/isurussub.com\/wordpress\/wp-content\/uploads\/2023\/02\/ESP-BC-206x300.png 206w, https:\/\/isurussub.com\/wordpress\/wp-content\/uploads\/2023\/02\/ESP-BC-702x1024.png 702w, https:\/\/isurussub.com\/wordpress\/wp-content\/uploads\/2023\/02\/ESP-BC-768x1120.png 768w, https:\/\/isurussub.com\/wordpress\/wp-content\/uploads\/2023\/02\/ESP-BC-1053x1536.png 1053w, https:\/\/isurussub.com\/wordpress\/wp-content\/uploads\/2023\/02\/ESP-BC-1404x2048.png 1404w, https:\/\/isurussub.com\/wordpress\/wp-content\/uploads\/2023\/02\/ESP-BC.png 1772w\" sizes=\"auto, (max-width: 137px) 100vw, 137px\" \/><\/p>\n<p>ESTACI\u00d3N DE CARGA. La m\u00e1s potente, moderna y segura. Completamente automatizada. Control de pureza, temperatura, humedad y sonido. 2 compresores. Caudal total: 81 m3\/h (1.350 l.\/min.) presi\u00f3n m\u00e1xima de carga: 300 bar. An\u00e1lisis peri\u00f3dicos de la pureza del aire. Servicio urgente de carga. Autorizada por la Conseller\u00eda de Comer\u00e7 i Industria del les Illes Balears.<br \/>\nCARGA NITROX. Caudal: 550 l\/min. Compresor con membrana, fiabilidad y seguridad.<\/p>\n<p><img loading=\"lazy\" decoding=\"async\" class=\"alignnone wp-image-384\" src=\"https:\/\/isurussub.com\/wordpress\/wp-content\/uploads\/2023\/02\/ESP-VIP-702x1024.png\" alt=\"\" width=\"137\" height=\"200\" srcset=\"https:\/\/isurussub.com\/wordpress\/wp-content\/uploads\/2023\/02\/ESP-VIP-702x1024.png 702w, https:\/\/isurussub.com\/wordpress\/wp-content\/uploads\/2023\/02\/ESP-VIP-206x300.png 206w, https:\/\/isurussub.com\/wordpress\/wp-content\/uploads\/2023\/02\/ESP-VIP-768x1120.png 768w, https:\/\/isurussub.com\/wordpress\/wp-content\/uploads\/2023\/02\/ESP-VIP-1053x1536.png 1053w, https:\/\/isurussub.com\/wordpress\/wp-content\/uploads\/2023\/02\/ESP-VIP-1404x2048.png 1404w, https:\/\/isurussub.com\/wordpress\/wp-content\/uploads\/2023\/02\/ESP-VIP.png 1772w\" sizes=\"auto, (max-width: 137px) 100vw, 137px\" \/><img loading=\"lazy\" decoding=\"async\" class=\"alignnone wp-image-383\" src=\"https:\/\/isurussub.com\/wordpress\/wp-content\/uploads\/2023\/02\/ESP-Valve-702x1024.png\" alt=\"\" width=\"137\" height=\"200\" srcset=\"https:\/\/isurussub.com\/wordpress\/wp-content\/uploads\/2023\/02\/ESP-Valve-702x1024.png 702w, https:\/\/isurussub.com\/wordpress\/wp-content\/uploads\/2023\/02\/ESP-Valve-206x300.png 206w, https:\/\/isurussub.com\/wordpress\/wp-content\/uploads\/2023\/02\/ESP-Valve-768x1120.png 768w, https:\/\/isurussub.com\/wordpress\/wp-content\/uploads\/2023\/02\/ESP-Valve-1053x1536.png 1053w, https:\/\/isurussub.com\/wordpress\/wp-content\/uploads\/2023\/02\/ESP-Valve-1404x2048.png 1404w, https:\/\/isurussub.com\/wordpress\/wp-content\/uploads\/2023\/02\/ESP-Valve.png 1772w\" sizes=\"auto, (max-width: 137px) 100vw, 137px\" \/> <img loading=\"lazy\" decoding=\"async\" class=\"alignnone wp-image-380\" src=\"https:\/\/isurussub.com\/wordpress\/wp-content\/uploads\/2023\/02\/ESP-Nitrox-702x1024.png\" alt=\"\" width=\"137\" height=\"200\" srcset=\"https:\/\/isurussub.com\/wordpress\/wp-content\/uploads\/2023\/02\/ESP-Nitrox-702x1024.png 702w, https:\/\/isurussub.com\/wordpress\/wp-content\/uploads\/2023\/02\/ESP-Nitrox-206x300.png 206w, https:\/\/isurussub.com\/wordpress\/wp-content\/uploads\/2023\/02\/ESP-Nitrox-768x1120.png 768w, https:\/\/isurussub.com\/wordpress\/wp-content\/uploads\/2023\/02\/ESP-Nitrox-1053x1536.png 1053w, https:\/\/isurussub.com\/wordpress\/wp-content\/uploads\/2023\/02\/ESP-Nitrox-1404x2048.png 1404w, https:\/\/isurussub.com\/wordpress\/wp-content\/uploads\/2023\/02\/ESP-Nitrox.png 1772w\" sizes=\"auto, (max-width: 137px) 100vw, 137px\" \/><\/p>\n<p>ISURUS OUTLET. Liquidaci\u00f3n de equipos a precios incre\u00edbles y con garant\u00eda ISURUS. \u00a1Hasta un 90% de descuento!<br \/>\nISURUS OUTDOOR OUTLET. A medianos de abril. Senderismo, trekking, canyoning, escalada, camping, etc.<br \/>\nISURUS DIVING OUTLET. A principios de octubre. Buceo, pesca sub., surf, bodyboard, paddle-surf, kayak, n\u00e1utica, etc.<\/p>\n<p>Accede a la\u00a0<a href=\"http:\/\/www.isurussub.com\" target=\"_blank\" rel=\"noopener\"><strong>TIENDA ONLINE<\/strong><\/a><\/p>\n<p><img loading=\"lazy\" decoding=\"async\" class=\"alignnone wp-image-481 size-large\" src=\"https:\/\/isurussub.com\/wordpress\/wp-content\/uploads\/2025\/04\/TIENDA-TRAJES-1024x768.jpg\" alt=\"\" width=\"525\" height=\"394\" srcset=\"https:\/\/isurussub.com\/wordpress\/wp-content\/uploads\/2025\/04\/TIENDA-TRAJES-1024x768.jpg 1024w, https:\/\/isurussub.com\/wordpress\/wp-content\/uploads\/2025\/04\/TIENDA-TRAJES-300x225.jpg 300w, https:\/\/isurussub.com\/wordpress\/wp-content\/uploads\/2025\/04\/TIENDA-TRAJES-768x576.jpg 768w, https:\/\/isurussub.com\/wordpress\/wp-content\/uploads\/2025\/04\/TIENDA-TRAJES-1536x1152.jpg 1536w, https:\/\/isurussub.com\/wordpress\/wp-content\/uploads\/2025\/04\/TIENDA-TRAJES-2048x1536.jpg 2048w\" sizes=\"auto, (max-width: 525px) 100vw, 525px\" \/><img loading=\"lazy\" decoding=\"async\" class=\"alignnone wp-image-475 size-large\" src=\"https:\/\/isurussub.com\/wordpress\/wp-content\/uploads\/2025\/04\/TIENDA-ISLA2-1024x768.jpg\" alt=\"\" width=\"525\" height=\"394\" srcset=\"https:\/\/isurussub.com\/wordpress\/wp-content\/uploads\/2025\/04\/TIENDA-ISLA2-1024x768.jpg 1024w, https:\/\/isurussub.com\/wordpress\/wp-content\/uploads\/2025\/04\/TIENDA-ISLA2-300x225.jpg 300w, https:\/\/isurussub.com\/wordpress\/wp-content\/uploads\/2025\/04\/TIENDA-ISLA2-768x576.jpg 768w, https:\/\/isurussub.com\/wordpress\/wp-content\/uploads\/2025\/04\/TIENDA-ISLA2-1536x1152.jpg 1536w, https:\/\/isurussub.com\/wordpress\/wp-content\/uploads\/2025\/04\/TIENDA-ISLA2-2048x1536.jpg 2048w\" sizes=\"auto, (max-width: 525px) 100vw, 525px\" \/><img loading=\"lazy\" decoding=\"async\" class=\"alignnone wp-image-476 size-large\" src=\"https:\/\/isurussub.com\/wordpress\/wp-content\/uploads\/2025\/04\/TIENDA-ISLA3-1024x768.jpg\" alt=\"\" width=\"525\" height=\"394\" srcset=\"https:\/\/isurussub.com\/wordpress\/wp-content\/uploads\/2025\/04\/TIENDA-ISLA3-1024x768.jpg 1024w, https:\/\/isurussub.com\/wordpress\/wp-content\/uploads\/2025\/04\/TIENDA-ISLA3-300x225.jpg 300w, https:\/\/isurussub.com\/wordpress\/wp-content\/uploads\/2025\/04\/TIENDA-ISLA3-768x576.jpg 768w, https:\/\/isurussub.com\/wordpress\/wp-content\/uploads\/2025\/04\/TIENDA-ISLA3-1536x1152.jpg 1536w, https:\/\/isurussub.com\/wordpress\/wp-content\/uploads\/2025\/04\/TIENDA-ISLA3-2048x1536.jpg 2048w\" sizes=\"auto, (max-width: 525px) 100vw, 525px\" \/><img loading=\"lazy\" decoding=\"async\" class=\"alignnone wp-image-479 size-large\" src=\"https:\/\/isurussub.com\/wordpress\/wp-content\/uploads\/2025\/04\/TIENDA-MOSTRADORES-1024x768.jpg\" alt=\"\" width=\"525\" height=\"394\" srcset=\"https:\/\/isurussub.com\/wordpress\/wp-content\/uploads\/2025\/04\/TIENDA-MOSTRADORES-1024x768.jpg 1024w, https:\/\/isurussub.com\/wordpress\/wp-content\/uploads\/2025\/04\/TIENDA-MOSTRADORES-300x225.jpg 300w, https:\/\/isurussub.com\/wordpress\/wp-content\/uploads\/2025\/04\/TIENDA-MOSTRADORES-768x576.jpg 768w, https:\/\/isurussub.com\/wordpress\/wp-content\/uploads\/2025\/04\/TIENDA-MOSTRADORES-1536x1152.jpg 1536w, https:\/\/isurussub.com\/wordpress\/wp-content\/uploads\/2025\/04\/TIENDA-MOSTRADORES-2048x1536.jpg 2048w\" sizes=\"auto, (max-width: 525px) 100vw, 525px\" \/><\/p>\n","protected":false},"excerpt":{"rendered":"<p>HORARIO CONT\u00cdNUO DE LUNES A S\u00c1BADO. \u00a1NO CERRAMOS AL MEDIOD\u00cdA! De 9-30 a 20-00 h. LA MAS SURTIDA Y MEJOR OFERTA EN EQUIPOS DE INMERSI\u00d3N. Distribuidores de las marcas m\u00e1s importantes. Ofertas especiales en equipos completos. Venta de equipos usados. ESPECIALISTAS EN DEPORTES DE AVENTURA. Buceo, canyoning, espeleolog\u00eda, senderismo, escalada, deportes n\u00e1uticos, pesca submarina, surf, &hellip; <\/p>\n<p class=\"link-more\"><a href=\"https:\/\/isurussub.com\/wordpress\/inicio\/tienda\/\" class=\"more-link\">Continuar leyendo<span class=\"screen-reader-text\"> \u00abTienda\u00bb<\/span><\/a><\/p>\n","protected":false},"author":1,"featured_media":474,"parent":8,"menu_order":0,"comment_status":"closed","ping_status":"closed","template":"","meta":{"footnotes":""},"class_list":["post-12","page","type-page","status-publish","has-post-thumbnail","hentry"],"_links":{"self":[{"href":"https:\/\/isurussub.com\/wordpress\/wp-json\/wp\/v2\/pages\/12","targetHints":{"allow":["GET"]}}],"collection":[{"href":"https:\/\/isurussub.com\/wordpress\/wp-json\/wp\/v2\/pages"}],"about":[{"href":"https:\/\/isurussub.com\/wordpress\/wp-json\/wp\/v2\/types\/page"}],"author":[{"embeddable":true,"href":"https:\/\/isurussub.com\/wordpress\/wp-json\/wp\/v2\/users\/1"}],"replies":[{"embeddable":true,"href":"https:\/\/isurussub.com\/wordpress\/wp-json\/wp\/v2\/comments?post=12"}],"version-history":[{"count":20,"href":"https:\/\/isurussub.com\/wordpress\/wp-json\/wp\/v2\/pages\/12\/revisions"}],"predecessor-version":[{"id":515,"href":"https:\/\/isurussub.com\/wordpress\/wp-json\/wp\/v2\/pages\/12\/revisions\/515"}],"up":[{"embeddable":true,"href":"https:\/\/isurussub.com\/wordpress\/wp-json\/wp\/v2\/pages\/8"}],"wp:featuredmedia":[{"embeddable":true,"href":"https:\/\/isurussub.com\/wordpress\/wp-json\/wp\/v2\/media\/474"}],"wp:attachment":[{"href":"https:\/\/isurussub.com\/wordpress\/wp-json\/wp\/v2\/media?parent=12"}],"curies":[{"name":"wp","href":"https:\/\/api.w.org\/{rel}","templated":true}]}}