{"id":135,"date":"2018-12-21T11:05:10","date_gmt":"2018-12-21T11:05:10","guid":{"rendered":"http:\/\/isurussub.com\/wordpress\/?page_id=135"},"modified":"2024-04-08T18:03:37","modified_gmt":"2024-04-08T18:03:37","slug":"videos","status":"publish","type":"page","link":"https:\/\/isurussub.com\/wordpress\/galeria\/videos\/","title":{"rendered":"V\u00eddeos"},"content":{"rendered":"<p><a href=\"https:\/\/isurussub.com\/wordpress\/galeria\/\">Volver a Galeria<\/a><\/p>\n<p>V\u00eddeos 2024<\/p>\n<p>V\u00eddeos 2023<\/p>\n<p>V\u00eddeos 2022<\/p>\n<p>V\u00eddeos 2021<\/p>\n<p>V\u00eddeos 2020<\/p>\n<p><a href=\"https:\/\/isurussub.com\/wordpress\/444-2\/\">V\u00eddeos 2019<\/a><\/p>\n<p><a href=\"https:\/\/isurussub.com\/wordpress\/galeria\/videos\/videos-2018\/\">V\u00eddeos 2018<\/a><\/p>\n","protected":false},"excerpt":{"rendered":"<p>Volver a Galeria V\u00eddeos 2024 V\u00eddeos 2023 V\u00eddeos 2022 V\u00eddeos 2021 V\u00eddeos 2020 V\u00eddeos 2019 V\u00eddeos 2018<\/p>\n","protected":false},"author":1,"featured_media":0,"parent":118,"menu_order":0,"comment_status":"closed","ping_status":"closed","template":"","meta":{"footnotes":""},"class_list":["post-135","page","type-page","status-publish","hentry"],"_links":{"self":[{"href":"https:\/\/isurussub.com\/wordpress\/wp-json\/wp\/v2\/pages\/135","targetHints":{"allow":["GET"]}}],"collection":[{"href":"https:\/\/isurussub.com\/wordpress\/wp-json\/wp\/v2\/pages"}],"about":[{"href":"https:\/\/isurussub.com\/wordpress\/wp-json\/wp\/v2\/types\/page"}],"author":[{"embeddable":true,"href":"https:\/\/isurussub.com\/wordpress\/wp-json\/wp\/v2\/users\/1"}],"replies":[{"embeddable":true,"href":"https:\/\/isurussub.com\/wordpress\/wp-json\/wp\/v2\/comments?post=135"}],"version-history":[{"count":17,"href":"https:\/\/isurussub.com\/wordpress\/wp-json\/wp\/v2\/pages\/135\/revisions"}],"predecessor-version":[{"id":451,"href":"https:\/\/isurussub.com\/wordpress\/wp-json\/wp\/v2\/pages\/135\/revisions\/451"}],"up":[{"embeddable":true,"href":"https:\/\/isurussub.com\/wordpress\/wp-json\/wp\/v2\/pages\/118"}],"wp:attachment":[{"href":"https:\/\/isurussub.com\/wordpress\/wp-json\/wp\/v2\/media?parent=135"}],"curies":[{"name":"wp","href":"https:\/\/api.w.org\/{rel}","templated":true}]}}